mon factor of 179751 and 165?
33
Calculate the greatest common factor of 2828 and 29896.
404
Calculate the greatest common factor of 140412 and 132.
12
What is the highest common divisor of 33517 and 726?
121
Calculate the greatest common factor of 174 and 289594.
58
What is the greatest common divisor of 126 and 14346?
18
Calculate the greatest common divisor of 1127 and 95726.
23
Calculate the highest common factor of 299 and 2944.
23
Calculate the highest common factor of 184 and 2875.
23
Calculate the highest common divisor of 4 and 1998104.
4
Calculate the greatest common divisor of 11416 and 1337099.
1427
Calculate the greatest common factor of 369 and 16209.
9
Calculate the highest common factor of 551 and 145696.
29
Calculate the greatest common divisor of 17 and 83453.
17
Calculate the highest common divisor of 31280 and 15040.
80
What is the highest common factor of 451 and 257972?
451
Calculate the greatest common factor of 46165 and 945.
35
What is the greatest common factor of 18297 and 6206?
107
Calculate the greatest common factor of 15594 and 56580.
138
What is the greatest common divisor of 2299 and 42389?
19
Calculate the greatest common factor of 1737344 and 56.
56
Calculate the greatest common factor of 53 and 470640.
53
Calculate the highest common factor of 24 and 266268.
12
What is the greatest common factor of 37451 and 697?
17
Calculate the highest common divisor of 172 and 72326.
86
Calculate the greatest common divisor of 4830 and 1725.
345
What is the highest common divisor of 153569 and 39?
13
What is the greatest common factor of 18 and 2087658?
18
Calculate the greatest common factor of 243 and 41661.
27
What is the highest common factor of 70560 and 11970?
630
Calculate the greatest common divisor of 162203 and 399.
19
What is the highest common divisor of 18062 and 44?
22
Calculate the highest common factor of 1222 and 1976.
26
What is the highest common divisor of 13255 and 1980?
55
What is the highest common divisor of 270 and 2083590?
270
Calculate the highest common factor of 5602450 and 700.
350
Calculate the highest common factor of 381 and 22479.
381
What is the highest common divisor of 918 and 384?
6
What is the highest common factor of 12551 and 5929?
77
What is the highest common factor of 19 and 43795?
19
What is the greatest common factor of 530 and 1206545?
265
Calculate the greatest common divisor of 181944 and 196.
28
Calculate the greatest common divisor of 6773 and 234.
13
What is the greatest common factor of 1172760 and 25?
5
Calculate the greatest common factor of 81906 and 6789.
219
What is the greatest common factor of 70728 and 168?
168
What is the greatest common divisor of 9435 and 195?
15
What is the greatest common factor of 17 and 15499784?
17
Calculate the greatest common factor of 801312 and 120.
24
What is the highest common divisor of 3720 and 37280?
40
What is the greatest common divisor of 5510 and 2494928?
1102
Calculate the greatest common factor of 3135 and 22110.
165
Calculate the greatest common divisor of 879825 and 15.
15
Calculate the greatest common factor of 199 and 8616700.
199
Calculate the highest common divisor of 428 and 430354.
214
What is the greatest common divisor of 10414 and 574?
82
Calculate the greatest common divisor of 986 and 1613589.
493
Calculate the highest common divisor of 416 and 11104.
32
What is the greatest common factor of 105492 and 1490?
298
Calculate the greatest common divisor of 471 and 53066.
157
What is the highest common factor of 60519 and 3?
3
Calculate the greatest common divisor of 548218 and 11.
11
Calculate the highest common factor of 15445 and 85.
5
What is the highest common factor of 320 and 158160?
80
What is the greatest common factor of 2673 and 9477?
243
What is the highest common factor of 27365 and 39?
13
What is the greatest common divisor of 5539 and 1363?
29
What is the greatest common divisor of 1424 and 185476?
356
Calculate the greatest common factor of 39 and 116194.
13
What is the highest common divisor of 95 and 39995?
95
What is the greatest common factor of 805 and 2875?
115
What is the highest common divisor of 922 and 918?
2
Calculate the highest common divisor of 5285 and 776140.
755
Calculate the highest common factor of 43614 and 72.
18
Calculate the highest common factor of 2583 and 75159.
63
Calculate the greatest common factor of 3066979 and 699.
233
Calculate the greatest common factor of 568514 and 14858.
782
Calculate the greatest common divisor of 9955 and 2035.
55
Calculate the highest common factor of 42 and 95340.
42
What is the greatest common divisor of 1870110 and 36?
18
Calculate the highest common divisor of 1368 and 5484.
12
What is the highest common factor of 5327920 and 872?
872
Calculate the greatest common factor of 3206835 and 90.
45
What is the highest common divisor of 16318 and 410?
82
Calculate the greatest common divisor of 450 and 40650.
150
Calculate the highest common factor of 3680736 and 96.
96
Calculate the highest common factor of 2716 and 91859.
97
Calculate the highest common factor of 44 and 4376.
4
Calculate the greatest common factor of 10672 and 32.
16
What is the greatest common factor of 46 and 8211?
23
What is the greatest common divisor of 107740 and 10?
10
Calculate the highest common divisor of 68 and 9979.
17
Calculate the greatest common divisor of 346631 and 502.
251
What is the greatest common factor of 144 and 112992?
48
Calculate the highest common factor of 40140 and 180.
180
What is the highest common factor of 6035 and 2635?
85
Calculate the greatest common factor of 82271 and 621.
23
Calculate the greatest common factor of 103170 and 360.
30
Calculate the greatest common factor of 830 and 148072.
166
What is the highest common factor of 215323 and 163?
163
Calculate the highest common factor of 3171634 and 122.
122
Calculate the greatest common factor of 2132 and 258505.
533
What is the highest common factor of 3201637 and 1259?
1259
Calculate the greatest common factor of 7 and 42707.
7
Calculate the greatest common factor of 12802 and 287699.
173
Calculate the highest common factor of 20 and 60980.
20
What is the greatest common divisor of 236 and 606756?
236
What is the highest common divisor of 365 and 788327?
73
Calculate the highest common divisor of 3650 and 175.
25
Calculate the highest common factor of 70875 and 2592.
81
Calculate the greatest common factor of 558 and 11811.
93
What is the greatest common divisor of 2551739 and 58?
29
Calculate the highest common factor of 80500 and 25.
25
Calculate the highest common divisor of 1715 and 757540.
245
Calculate the highest common factor of 300 and 640.
20
What is the greatest common divisor of 19 and 2356741?
19
Calculate the greatest common factor of 313070 and 10.
10
What is the highest common factor of 15847 and 5681?
299
What is the greatest common divisor of 57 and 64182?
57
What is the highest common divisor of 10 and 70680?
10
What is the greatest common divisor of 28083 and 222?
111
What is the greatest common factor of 4485610 and 10?
10
Calculate the highest common factor of 13 and 191.
1
Calculate the highest common divisor of 210 and 1050.
210
What is the highest common factor of 7497 and 252?
63
Calculate the greatest common divisor of 1615 and 1498397.
323
What is the greatest common factor of 4005 and 1431387?
801
What is the highest common divisor of 765 and 11781?
153
What is the greatest common factor of 4907 and 265679?
701
Calculate the greatest common divisor of 1245 and 22244.
83
What is the greatest common factor of 3071319 and 443?
443
Calculate the highest common divisor of 13426547 and 113.
113
Calculate the greatest common divisor of 404 and 75851.
101
What is the greatest common divisor of 4077 and 3775?
151
Calculate the highest common divisor of 1357993 and 39.
13
What is the highest common factor of 12 and 4807284?
12
Calculate the highest common factor of 104461 and 7.
7
Calculate the greatest common divisor of 189 and 314937.
63
What is the greatest common factor of 211508 and 627?
209
What is the highest common divisor of 110418 and 11?
11
What is the highest common factor of 19560 and 198?
6
Calculate the greatest common factor of 23 and 10597871.
23
